{"id":2,"date":"2016-08-18T04:45:27","date_gmt":"2016-08-18T04:45:27","guid":{"rendered":"http:\/\/www.danerigo.cz\/?page_id=2"},"modified":"2016-09-13T11:25:15","modified_gmt":"2016-09-13T11:25:15","slug":"zkusebni-stranka","status":"publish","type":"page","link":"http:\/\/www.danerigo.cz\/","title":{"rendered":"Dan\u011b Rigo"},"content":{"rendered":"<p>[et_pb_section admin_label=&#8220;Sekce&#8220; fullwidth=&#8220;on&#8220; specialty=&#8220;off&#8220; transparent_background=&#8220;off&#8220; background_color=&#8220;#ffffff&#8220; allow_player_pause=&#8220;off&#8220; inner_shadow=&#8220;off&#8220; parallax=&#8220;off&#8220; parallax_method=&#8220;off&#8220; padding_mobile=&#8220;off&#8220; make_fullwidth=&#8220;off&#8220; use_custom_width=&#8220;off&#8220; width_unit=&#8220;on&#8220; make_equal=&#8220;off&#8220; use_custom_gutter=&#8220;off&#8220; module_id=&#8220;uvod&#8220;][et_pb_fullwidth_slider admin_label=&#8220;Tu\u010dn\u00fd posuvn\u00edk&#8220; show_arrows=&#8220;on&#8220; show_pagination=&#8220;on&#8220; auto=&#8220;on&#8220; auto_ignore_hover=&#8220;on&#8220; parallax=&#8220;off&#8220; parallax_method=&#8220;on&#8220; remove_inner_shadow=&#8220;off&#8220; background_position=&#8220;default&#8220; background_size=&#8220;default&#8220; hide_content_on_mobile=&#8220;off&#8220; hide_cta_on_mobile=&#8220;off&#8220; show_image_video_mobile=&#8220;off&#8220; header_text_color=&#8220;#ffffff&#8220; body_text_color=&#8220;#ffffff&#8220; custom_button=&#8220;on&#8220; button_letter_spacing=&#8220;0&#8243; button_use_icon=&#8220;default&#8220; button_icon=&#8220;%%51%%&#8220; button_icon_placement=&#8220;right&#8220; button_on_hover=&#8220;on&#8220; button_letter_spacing_hover=&#8220;0&#8243; top_padding=&#8220;100px&#8220; auto_speed=&#8220;5111&#8243;]<\/p>\n<p>[et_pb_slide heading=&#8220;Bc. Lenka Rigo, da\u0148ov\u00fd poradce evidovan\u00fd u KDP \u010cR&#8220; button_text=&#8220;Za\u0161lete n\u00e1m popt\u00e1vku \u010di V\u00e1\u0161 dotaz&#8220; button_link=&#8220;#poptavka&#8220; background_position=&#8220;default&#8220; background_size=&#8220;default&#8220; background_color=&#8220;#ffffff&#8220; use_bg_overlay=&#8220;off&#8220; use_text_overlay=&#8220;off&#8220; alignment=&#8220;center&#8220; background_layout=&#8220;dark&#8220; allow_player_pause=&#8220;off&#8220; text_border_radius=&#8220;3&#8243; header_font_select=&#8220;Cuprum&#8220; header_font=&#8220;Cuprum||||&#8220; body_font_select=&#8220;Cuprum&#8220; body_font=&#8220;Cuprum||||&#8220; custom_button=&#8220;off&#8220; button_font_select=&#8220;default&#8220; button_font=&#8220;||||&#8220; button_use_icon=&#8220;default&#8220; button_icon_placement=&#8220;right&#8220; button_on_hover=&#8220;on&#8220; background_image=&#8220;http:\/\/www.danerigo.cz\/wp-content\/uploads\/2016\/08\/2.png&#8220; header_font_size=&#8220;60&#8243; header_font_size_tablet=&#8220;60&#8243; header_font_size_phone=&#8220;60&#8243;]<\/p>\n<p>&nbsp;<\/p>\n<p>&nbsp;<\/p>\n<p>&nbsp;<\/p>\n<p>&nbsp;<\/p>\n<p>&nbsp;<\/p>\n<p>&nbsp;<\/p>\n<p>[\/et_pb_slide][et_pb_slide heading=&#8220;Da\u0148ov\u00e9 poradenstv\u00ed pro OSV\u010c i obchodn\u00ed korporace&#8220; button_text=&#8220;Za\u0161lete n\u00e1m popt\u00e1vku \u010di V\u00e1\u0161 dotaz&#8220; button_link=&#8220;#poptavka&#8220; background_position=&#8220;default&#8220; background_size=&#8220;default&#8220; background_color=&#8220;#ffffff&#8220; use_bg_overlay=&#8220;off&#8220; use_text_overlay=&#8220;off&#8220; alignment=&#8220;center&#8220; background_layout=&#8220;dark&#8220; allow_player_pause=&#8220;off&#8220; text_border_radius=&#8220;3&#8243; header_font_select=&#8220;Cuprum&#8220; header_font=&#8220;Cuprum||||&#8220; body_font_select=&#8220;Cuprum&#8220; body_font=&#8220;Cuprum||||&#8220; custom_button=&#8220;off&#8220; button_font_select=&#8220;default&#8220; button_font=&#8220;||||&#8220; button_use_icon=&#8220;default&#8220; button_icon_placement=&#8220;right&#8220; button_on_hover=&#8220;on&#8220; background_image=&#8220;http:\/\/www.danerigo.cz\/wp-content\/uploads\/2016\/08\/2.png&#8220; header_font_size=&#8220;60&#8243; header_font_size_tablet=&#8220;60&#8243; header_font_size_phone=&#8220;60&#8243;]<\/p>\n<p>&nbsp;<\/p>\n<p>&nbsp;<\/p>\n<p>&nbsp;<\/p>\n<p>&nbsp;<\/p>\n<p>&nbsp;<\/p>\n<p>[\/et_pb_slide]<\/p>\n<p>[\/et_pb_fullwidth_slider][\/et_pb_section][et_pb_section admin_label=&#8220;section&#8220; transparent_background=&#8220;off&#8220; background_color=&#8220;#ffffff&#8220; allow_player_pause=&#8220;off&#8220; inner_shadow=&#8220;off&#8220; parallax=&#8220;off&#8220; parallax_method=&#8220;off&#8220; padding_mobile=&#8220;off&#8220; make_fullwidth=&#8220;off&#8220; use_custom_width=&#8220;off&#8220; width_unit=&#8220;on&#8220; make_equal=&#8220;off&#8220; use_custom_gutter=&#8220;off&#8220; module_id=&#8220;sluzby&#8220; background_image=&#8220;http:\/\/www.danerigo.cz\/wp-content\/uploads\/2016\/08\/5.png&#8220;][et_pb_row admin_label=&#8220;\u0158\u00e1dek&#8220;][et_pb_column type=&#8220;4_4&#8243;][et_pb_text admin_label=&#8220;Text&#8220; background_layout=&#8220;dark&#8220; text_orientation=&#8220;center&#8220; header_text_color=&#8220;#ffffff&#8220; text_font=&#8220;Cuprum|on|||&#8220; text_font_size=&#8220;30&#8243; text_text_color=&#8220;#ffffff&#8220; use_border_color=&#8220;off&#8220; border_color=&#8220;#ffffff&#8220; border_style=&#8220;solid&#8220; header_font=&#8220;Cuprum||||&#8220;]<\/p>\n<p style=\"text-align: center;\"><strong>NA\u0160E SLU\u017dBY<\/strong><\/p>\n<p>[\/et_pb_text][\/et_pb_column][\/et_pb_row][et_pb_row admin_label=&#8220;row&#8220;][et_pb_column type=&#8220;1_3&#8243;][et_pb_blurb admin_label=&#8220;Upout\u00e1vka&#8220; title=&#8220;Zpracov\u00e1n\u00ed ve\u0161ker\u00fdch da\u0148ov\u00fdch p\u0159izn\u00e1n\u00ed v\u010detn\u011b optimalizace dan\u00ed&#8220; url_new_window=&#8220;off&#8220; use_icon=&#8220;off&#8220; icon_color=&#8220;#7EBEC5&#8243; use_circle=&#8220;off&#8220; circle_color=&#8220;#7EBEC5&#8243; use_circle_border=&#8220;off&#8220; circle_border_color=&#8220;#7EBEC5&#8243; image=&#8220;http:\/\/www.danerigo.cz\/wp-content\/uploads\/2016\/08\/sluzby.png&#8220; icon_placement=&#8220;top&#8220; animation=&#8220;top&#8220; background_layout=&#8220;dark&#8220; text_orientation=&#8220;center&#8220; use_icon_font_size=&#8220;off&#8220; header_text_color=&#8220;#ffffff&#8220; use_border_color=&#8220;off&#8220; border_color=&#8220;#ffffff&#8220; border_style=&#8220;solid&#8220;]<\/p>\n<p>&nbsp;<\/p>\n<p>[\/et_pb_blurb][et_pb_blurb admin_label=&#8220;Upout\u00e1vka&#8220; title=&#8220;Konzultace p\u0159i zakl\u00e1d\u00e1n\u00ed spole\u010dnosti&#8220; url_new_window=&#8220;off&#8220; use_icon=&#8220;off&#8220; icon_color=&#8220;#7EBEC5&#8243; use_circle=&#8220;off&#8220; circle_color=&#8220;#7EBEC5&#8243; use_circle_border=&#8220;off&#8220; circle_border_color=&#8220;#7EBEC5&#8243; image=&#8220;http:\/\/www.danerigo.cz\/wp-content\/uploads\/2016\/08\/sluzby.png&#8220; icon_placement=&#8220;top&#8220; animation=&#8220;top&#8220; background_layout=&#8220;dark&#8220; text_orientation=&#8220;center&#8220; use_icon_font_size=&#8220;off&#8220; header_text_color=&#8220;#ffffff&#8220; use_border_color=&#8220;off&#8220; border_color=&#8220;#ffffff&#8220; border_style=&#8220;solid&#8220;]<\/p>\n<p>&nbsp;<\/p>\n<p>[\/et_pb_blurb][et_pb_blurb admin_label=&#8220;Upout\u00e1vka&#8220; title=&#8220;Da\u0148ov\u00e9 pl\u00e1nov\u00e1n\u00ed&#8220; url_new_window=&#8220;off&#8220; use_icon=&#8220;off&#8220; icon_color=&#8220;#7EBEC5&#8243; use_circle=&#8220;off&#8220; circle_color=&#8220;#7EBEC5&#8243; use_circle_border=&#8220;off&#8220; circle_border_color=&#8220;#7EBEC5&#8243; image=&#8220;http:\/\/www.danerigo.cz\/wp-content\/uploads\/2016\/08\/sluzby.png&#8220; icon_placement=&#8220;top&#8220; animation=&#8220;top&#8220; background_layout=&#8220;dark&#8220; text_orientation=&#8220;center&#8220; use_icon_font_size=&#8220;off&#8220; header_text_color=&#8220;#ffffff&#8220; use_border_color=&#8220;off&#8220; border_color=&#8220;#ffffff&#8220; border_style=&#8220;solid&#8220;]<\/p>\n<p>&nbsp;<\/p>\n<p>[\/et_pb_blurb][\/et_pb_column][et_pb_column type=&#8220;1_3&#8243;][et_pb_blurb admin_label=&#8220;Upout\u00e1vka&#8220; title=&#8220;Zastupov\u00e1n\u00ed v da\u0148ov\u00e9m \u0159\u00edzen\u00ed&#8220; url_new_window=&#8220;off&#8220; use_icon=&#8220;off&#8220; icon_color=&#8220;#7EBEC5&#8243; use_circle=&#8220;off&#8220; circle_color=&#8220;#7EBEC5&#8243; use_circle_border=&#8220;off&#8220; circle_border_color=&#8220;#7EBEC5&#8243; image=&#8220;http:\/\/www.danerigo.cz\/wp-content\/uploads\/2016\/08\/sluzby.png&#8220; icon_placement=&#8220;top&#8220; animation=&#8220;top&#8220; background_layout=&#8220;dark&#8220; text_orientation=&#8220;center&#8220; use_icon_font_size=&#8220;off&#8220; header_text_color=&#8220;#ffffff&#8220; use_border_color=&#8220;off&#8220; border_color=&#8220;#ffffff&#8220; border_style=&#8220;solid&#8220;]<\/p>\n<p>&nbsp;<\/p>\n<p>[\/et_pb_blurb][et_pb_blurb admin_label=&#8220;Upout\u00e1vka&#8220; title=&#8220;Transak\u010dn\u00ed poradenstv\u00ed (p\u0159em\u011bny spole\u010dnost\u00ed, akvizice)&#8220; url_new_window=&#8220;off&#8220; use_icon=&#8220;off&#8220; icon_color=&#8220;#7EBEC5&#8243; use_circle=&#8220;off&#8220; circle_color=&#8220;#7EBEC5&#8243; use_circle_border=&#8220;off&#8220; circle_border_color=&#8220;#7EBEC5&#8243; image=&#8220;http:\/\/www.danerigo.cz\/wp-content\/uploads\/2016\/08\/sluzby.png&#8220; icon_placement=&#8220;top&#8220; animation=&#8220;top&#8220; background_layout=&#8220;dark&#8220; text_orientation=&#8220;center&#8220; use_icon_font_size=&#8220;off&#8220; header_text_color=&#8220;#ffffff&#8220; use_border_color=&#8220;off&#8220; border_color=&#8220;#ffffff&#8220; border_style=&#8220;solid&#8220;]<\/p>\n<p>&nbsp;<\/p>\n<p>[\/et_pb_blurb][et_pb_blurb admin_label=&#8220;Upout\u00e1vka&#8220; title=&#8220;Problematika transferov\u00fdch cen&#8220; url_new_window=&#8220;off&#8220; use_icon=&#8220;off&#8220; icon_color=&#8220;#7EBEC5&#8243; use_circle=&#8220;off&#8220; circle_color=&#8220;#7EBEC5&#8243; use_circle_border=&#8220;off&#8220; circle_border_color=&#8220;#7EBEC5&#8243; image=&#8220;http:\/\/www.danerigo.cz\/wp-content\/uploads\/2016\/08\/sluzby.png&#8220; icon_placement=&#8220;top&#8220; animation=&#8220;top&#8220; background_layout=&#8220;dark&#8220; text_orientation=&#8220;center&#8220; use_icon_font_size=&#8220;off&#8220; header_text_color=&#8220;#ffffff&#8220; use_border_color=&#8220;off&#8220; border_color=&#8220;#ffffff&#8220; border_style=&#8220;solid&#8220;]<\/p>\n<p>&nbsp;<\/p>\n<p>[\/et_pb_blurb][\/et_pb_column][et_pb_column type=&#8220;1_3&#8243;][et_pb_blurb admin_label=&#8220;Upout\u00e1vka&#8220; title=&#8220;Ad-hoc da\u0148ov\u00e9 poradenstv\u00ed&#8220; url_new_window=&#8220;off&#8220; use_icon=&#8220;off&#8220; icon_color=&#8220;#7EBEC5&#8243; use_circle=&#8220;off&#8220; circle_color=&#8220;#7EBEC5&#8243; use_circle_border=&#8220;off&#8220; circle_border_color=&#8220;#7EBEC5&#8243; image=&#8220;http:\/\/www.danerigo.cz\/wp-content\/uploads\/2016\/08\/sluzby.png&#8220; icon_placement=&#8220;top&#8220; animation=&#8220;top&#8220; background_layout=&#8220;dark&#8220; text_orientation=&#8220;center&#8220; use_icon_font_size=&#8220;off&#8220; header_text_color=&#8220;#ffffff&#8220; use_border_color=&#8220;off&#8220; border_color=&#8220;#ffffff&#8220; border_style=&#8220;solid&#8220;]<\/p>\n<p>&nbsp;<\/p>\n<p>[\/et_pb_blurb][et_pb_blurb admin_label=&#8220;Upout\u00e1vka&#8220; title=&#8220;Mezin\u00e1rodn\u00ed zdan\u011bn\u00ed &#8220; url_new_window=&#8220;off&#8220; use_icon=&#8220;off&#8220; icon_color=&#8220;#7EBEC5&#8243; use_circle=&#8220;off&#8220; circle_color=&#8220;#7EBEC5&#8243; use_circle_border=&#8220;off&#8220; circle_border_color=&#8220;#7EBEC5&#8243; image=&#8220;http:\/\/www.danerigo.cz\/wp-content\/uploads\/2016\/08\/sluzby.png&#8220; icon_placement=&#8220;top&#8220; animation=&#8220;top&#8220; background_layout=&#8220;dark&#8220; text_orientation=&#8220;center&#8220; use_icon_font_size=&#8220;off&#8220; header_text_color=&#8220;#ffffff&#8220; use_border_color=&#8220;off&#8220; border_color=&#8220;#ffffff&#8220; border_style=&#8220;solid&#8220;]<\/p>\n<p>&nbsp;<\/p>\n<p>[\/et_pb_blurb][\/et_pb_column][\/et_pb_row][\/et_pb_section][et_pb_section admin_label=&#8220;Sekce&#8220; fullwidth=&#8220;off&#8220; specialty=&#8220;off&#8220; transparent_background=&#8220;off&#8220; background_color=&#8220;#ffffff&#8220; allow_player_pause=&#8220;off&#8220; inner_shadow=&#8220;off&#8220; parallax=&#8220;off&#8220; parallax_method=&#8220;off&#8220; padding_mobile=&#8220;off&#8220; make_fullwidth=&#8220;off&#8220; use_custom_width=&#8220;off&#8220; width_unit=&#8220;on&#8220; make_equal=&#8220;off&#8220; use_custom_gutter=&#8220;off&#8220; module_id=&#8220;poptavka&#8220;][et_pb_row admin_label=&#8220;\u0158\u00e1dek&#8220;][et_pb_column type=&#8220;4_4&#8243;][et_pb_text admin_label=&#8220;Text&#8220; background_layout=&#8220;light&#8220; text_orientation=&#8220;left&#8220; header_font=&#8220;Cuprum|on|||&#8220; header_text_color=&#8220;#8300e9&#8243; text_text_color=&#8220;#8300e9&#8243; use_border_color=&#8220;off&#8220; border_color=&#8220;#ffffff&#8220; border_style=&#8220;solid&#8220; text_font=&#8220;Cuprum|on|||&#8220; text_font_size=&#8220;30&#8243;]<\/p>\n<p style=\"text-align: center;\"><strong>POPT\u00c1VKA<\/strong><\/p>\n<p>[\/et_pb_text][\/et_pb_column][\/et_pb_row][et_pb_row admin_label=&#8220;\u0158\u00e1dek&#8220;][et_pb_column type=&#8220;4_4&#8243;][et_pb_contact_form admin_label=&#8220;Kontaktn\u00ed formul\u00e1\u0159&#8220; captcha=&#8220;off&#8220; email=&#8220;ondrejmalyblatna@email.cz&#8220; use_redirect=&#8220;off&#8220; input_border_radius=&#8220;3&#8243; title_text_color=&#8220;#000000&#8243; form_field_text_color=&#8220;#000000&#8243; use_border_color=&#8220;on&#8220; border_color=&#8220;#8300e9&#8243; border_style=&#8220;solid&#8220; custom_button=&#8220;on&#8220; button_text_color=&#8220;#8300e9&#8243; button_letter_spacing=&#8220;0&#8243; button_use_icon=&#8220;default&#8220; button_icon=&#8220;%%73%%&#8220; button_icon_placement=&#8220;right&#8220; button_on_hover=&#8220;on&#8220; button_letter_spacing_hover=&#8220;0&#8243; title_font=&#8220;Cuprum|on|||&#8220; form_field_font_size=&#8220;20&#8243; form_field_font=&#8220;Cuprum|on|||&#8220;]<\/p>\n<p>[et_pb_contact_field field_title=&#8220;Jm\u00e9no&#8220; field_type=&#8220;input&#8220; field_id=&#8220;Name&#8220; required_mark=&#8220;on&#8220; fullwidth_field=&#8220;off&#8220; form_field_font_select=&#8220;default&#8220; form_field_font=&#8220;||||&#8220; use_border_color=&#8220;off&#8220; border_style=&#8220;solid&#8220;] [\/et_pb_contact_field][et_pb_contact_field field_title=&#8220;E-mailov\u00e1 adresa&#8220; field_type=&#8220;email&#8220; field_id=&#8220;Email&#8220; required_mark=&#8220;on&#8220; fullwidth_field=&#8220;off&#8220; form_field_font_select=&#8220;default&#8220; form_field_font=&#8220;||||&#8220; use_border_color=&#8220;off&#8220; border_style=&#8220;solid&#8220;] [\/et_pb_contact_field][et_pb_contact_field field_title=&#8220;Telefon&#8220; field_type=&#8220;input&#8220; field_id=&#8220;Telefon&#8220; required_mark=&#8220;off&#8220; fullwidth_field=&#8220;off&#8220; form_field_font_select=&#8220;default&#8220; form_field_font=&#8220;||||&#8220; use_border_color=&#8220;off&#8220; border_style=&#8220;solid&#8220; input_border_radius=&#8220;0&#8243;] [\/et_pb_contact_field][et_pb_contact_field field_title=&#8220;Zpr\u00e1va \/ Popt\u00e1vka&#8220; field_type=&#8220;text&#8220; field_id=&#8220;Message&#8220; required_mark=&#8220;on&#8220; fullwidth_field=&#8220;on&#8220; form_field_font_select=&#8220;default&#8220; form_field_font=&#8220;||||&#8220; use_border_color=&#8220;off&#8220; border_style=&#8220;solid&#8220;] [\/et_pb_contact_field]<\/p>\n<p>[\/et_pb_contact_form][\/et_pb_column][\/et_pb_row][\/et_pb_section][et_pb_section admin_label=&#8220;Sekce&#8220; fullwidth=&#8220;off&#8220; specialty=&#8220;off&#8220; transparent_background=&#8220;off&#8220; background_color=&#8220;#ffffff&#8220; allow_player_pause=&#8220;off&#8220; inner_shadow=&#8220;off&#8220; parallax=&#8220;off&#8220; parallax_method=&#8220;off&#8220; padding_mobile=&#8220;off&#8220; make_fullwidth=&#8220;off&#8220; use_custom_width=&#8220;off&#8220; width_unit=&#8220;on&#8220; make_equal=&#8220;off&#8220; use_custom_gutter=&#8220;off&#8220; module_id=&#8220;kontakt&#8220; background_image=&#8220;http:\/\/www.danerigo.cz\/wp-content\/uploads\/2016\/08\/3.png&#8220;][et_pb_row admin_label=&#8220;\u0158\u00e1dek&#8220;][et_pb_column type=&#8220;4_4&#8243;][et_pb_text admin_label=&#8220;Text&#8220; background_layout=&#8220;light&#8220; text_orientation=&#8220;left&#8220; header_font=&#8220;Cuprum|on|||&#8220; header_text_color=&#8220;#ffffff&#8220; text_text_color=&#8220;#ffffff&#8220; use_border_color=&#8220;off&#8220; border_color=&#8220;#ffffff&#8220; border_style=&#8220;solid&#8220; text_font=&#8220;Cuprum|on|||&#8220; text_font_size=&#8220;30&#8243;]<\/p>\n<p style=\"text-align: center;\"><strong>Kontaktn\u00ed osoba: <\/strong><\/p>\n<p style=\"text-align: center;\"><strong>Lenka Rigo | Da\u0148ov\u00fd poradce<br \/>\n<\/strong><\/p>\n<p style=\"text-align: center;\"><strong>Adresa: <\/strong><\/p>\n<p style=\"text-align: center;\"><strong>K\u00e1ransk\u00e1 81, 250 89 L\u00e1zn\u011b Tou\u0161e\u0148<\/strong><\/p>\n<p style=\"text-align: center;\"><strong>I\u010cO: 01073320<\/strong><\/p>\n<p style=\"text-align: center;\"><strong>jsem pl\u00e1tce DPH<\/strong><\/p>\n<p style=\"text-align: center;\"><strong>Email: lenka@danerigo.cz<\/strong><\/p>\n<p style=\"text-align: center;\"><strong>Telefon: +420 728 240 001<\/strong><\/p>\n<p style=\"text-align: center;\"><strong>Web: www.danerigo.cz<\/strong><\/p>\n<p>[\/et_pb_text][\/et_pb_column][\/et_pb_row][et_pb_row admin_label=&#8220;\u0158\u00e1dek&#8220;][et_pb_column type=&#8220;4_4&#8243;][et_pb_contact_form admin_label=&#8220;Kontaktn\u00ed formul\u00e1\u0159&#8220; captcha=&#8220;off&#8220; email=&#8220;ondrejmalyblatna@email.cz&#8220; use_redirect=&#8220;off&#8220; input_border_radius=&#8220;3&#8243; title_text_color=&#8220;#000000&#8243; form_field_text_color=&#8220;#000000&#8243; use_border_color=&#8220;on&#8220; border_color=&#8220;#8300e9&#8243; border_style=&#8220;solid&#8220; custom_button=&#8220;on&#8220; button_text_color=&#8220;#8300e9&#8243; button_letter_spacing=&#8220;0&#8243; button_use_icon=&#8220;default&#8220; button_icon=&#8220;%%73%%&#8220; button_icon_placement=&#8220;right&#8220; button_on_hover=&#8220;on&#8220; button_letter_spacing_hover=&#8220;0&#8243; title_font=&#8220;Cuprum|on|||&#8220; form_field_font_size=&#8220;20&#8243; form_field_font=&#8220;Cuprum|on|||&#8220; form_background_color=&#8220;#ffffff&#8220;]<\/p>\n<p>[et_pb_contact_field field_title=&#8220;Jm\u00e9no&#8220; field_type=&#8220;input&#8220; field_id=&#8220;Name&#8220; required_mark=&#8220;on&#8220; fullwidth_field=&#8220;off&#8220; form_field_font_select=&#8220;default&#8220; form_field_font=&#8220;||||&#8220; use_border_color=&#8220;off&#8220; border_style=&#8220;solid&#8220;] [\/et_pb_contact_field][et_pb_contact_field field_title=&#8220;E-mailov\u00e1 adresa&#8220; field_type=&#8220;email&#8220; field_id=&#8220;Email&#8220; required_mark=&#8220;on&#8220; fullwidth_field=&#8220;off&#8220; form_field_font_select=&#8220;default&#8220; form_field_font=&#8220;||||&#8220; use_border_color=&#8220;off&#8220; border_style=&#8220;solid&#8220;] [\/et_pb_contact_field][et_pb_contact_field field_title=&#8220;Telefon&#8220; field_type=&#8220;input&#8220; field_id=&#8220;Telefon&#8220; required_mark=&#8220;off&#8220; fullwidth_field=&#8220;off&#8220; form_field_font_select=&#8220;default&#8220; form_field_font=&#8220;||||&#8220; use_border_color=&#8220;off&#8220; border_style=&#8220;solid&#8220; input_border_radius=&#8220;0&#8243;] [\/et_pb_contact_field][et_pb_contact_field field_title=&#8220;Zpr\u00e1va \/ Popt\u00e1vka&#8220; field_type=&#8220;text&#8220; field_id=&#8220;Message&#8220; required_mark=&#8220;on&#8220; fullwidth_field=&#8220;on&#8220; form_field_font_select=&#8220;default&#8220; form_field_font=&#8220;||||&#8220; use_border_color=&#8220;off&#8220; border_style=&#8220;solid&#8220;] [\/et_pb_contact_field]<\/p>\n<p>[\/et_pb_contact_form][\/et_pb_column][\/et_pb_row][\/et_pb_section]<\/p>\n","protected":false},"excerpt":{"rendered":"<p>&nbsp; &nbsp; &nbsp; &nbsp; &nbsp; &nbsp; &nbsp; &nbsp; &nbsp; &nbsp; &nbsp; NA\u0160E SLU\u017dBY &nbsp; &nbsp; &nbsp; &nbsp; &nbsp; &nbsp; &nbsp; &nbsp; POPT\u00c1VKA Kontaktn\u00ed osoba: Lenka Rigo | Da\u0148ov\u00fd poradce Adresa: K\u00e1ransk\u00e1 81, 250 89 L\u00e1zn\u011b Tou\u0161e\u0148 I\u010cO: 01073320 jsem pl\u00e1tce DPH Email: lenka@danerigo.cz Telefon: +420 728 240 001 Web: www.danerigo.cz<\/p>\n","protected":false},"author":1,"featured_media":0,"parent":0,"menu_order":0,"comment_status":"open","ping_status":"open","template":"","meta":{"_et_pb_use_builder":"on","_et_pb_old_content":"<p>This is an example page. It's different from a blog post because it will stay in one place and will show up in your site navigation (in most themes). Most people start with an About page that introduces them to potential site visitors. It might say something like this:<\/p><blockquote><p>Hi there! I'm a bike messenger by day, aspiring actor by night, and this is my blog. I live in Los Angeles, have a great dog named Jack, and I like pi\u00f1a coladas. (And gettin' caught in the rain.)<\/p><\/blockquote><p>...or something like this:<\/p><blockquote><p>The XYZ Doohickey Company was founded in 1971, and has been providing quality doohickeys to the public ever since. Located in Gotham City, XYZ employs over 2,000 people and does all kinds of awesome things for the Gotham community.<\/p><\/blockquote><p>As a new WordPress user, you should go to <a href=\"http:\/\/www.danerigo.cz\/wp-admin\/\">your dashboard<\/a> to delete this page and create new pages for your content. Have fun!<\/p>","_et_gb_content_width":"","footnotes":""},"class_list":["post-2","page","type-page","status-publish","hentry"],"_links":{"self":[{"href":"http:\/\/www.danerigo.cz\/index.php?rest_route=\/wp\/v2\/pages\/2","targetHints":{"allow":["GET"]}}],"collection":[{"href":"http:\/\/www.danerigo.cz\/index.php?rest_route=\/wp\/v2\/pages"}],"about":[{"href":"http:\/\/www.danerigo.cz\/index.php?rest_route=\/wp\/v2\/types\/page"}],"author":[{"embeddable":true,"href":"http:\/\/www.danerigo.cz\/index.php?rest_route=\/wp\/v2\/users\/1"}],"replies":[{"embeddable":true,"href":"http:\/\/www.danerigo.cz\/index.php?rest_route=%2Fwp%2Fv2%2Fcomments&post=2"}],"version-history":[{"count":28,"href":"http:\/\/www.danerigo.cz\/index.php?rest_route=\/wp\/v2\/pages\/2\/revisions"}],"predecessor-version":[{"id":80,"href":"http:\/\/www.danerigo.cz\/index.php?rest_route=\/wp\/v2\/pages\/2\/revisions\/80"}],"wp:attachment":[{"href":"http:\/\/www.danerigo.cz\/index.php?rest_route=%2Fwp%2Fv2%2Fmedia&parent=2"}],"curies":[{"name":"wp","href":"https:\/\/api.w.org\/{rel}","templated":true}]}}